p(v) = 7*v**2 + 314*v - 26. Let s be p(-45). Let y(a) = 17*a - 328. Determine y(s).
-5
Let p(z) = 1 - 11*z - 1848*z**2 + 41*z + 1851*z**2. What is p(-12)?
73
Let w(t) = 5*t**3 - 2*t**3 + 3*t - t**2 - t**3 - 2 + 0. Let h be w(1). Let i(c) = -4*c**2 - 6*c**2 + 8*c**h + 4*c - 2. Calculate i(3).
-8
Let c(x) = x**3 + 3*x**2 - 4*x + 1. Let i = -114 + 114. Suppose -24*b + 28*b + 368 = i. Let n be (-30)/7 + (b/(-28) - 3). Calculate c(n).
1
Suppose -737*l + 120 = -729*l. Let m(y) = -y**3 + 12*y**2 + 47*y - 26. Give m(l).
4
Let b(z) = -10*z - 34. Let s(v) = 7*v + 24. Let x(t) = 5*b(t) + 7*s(t). Suppose 0 = 2*f - q + 10, 2*q = f - 2*f. Calculate x(f).
2
Let r(b) be the second derivative of -7*b**3/2 - 4*b**2 + b - 139. Give r(-3).
55
Let d(g) be the first derivative of -g**4 - 101*g**3/3 - 12*g**2 + 27*g + 1198. Calculate d(-25).
2
Let y be (-320)/(-55) + (-4)/(-22). Let g(n) = -n**3 + 1737*n - n**2 - y + 6*n**2 - 1735*n. Give g(5).
4
Let z be 0/(-4) + 5 + 0. Let a = z - -3. Let r(u) = 7*u - 8. Let l(g) = 9*g - 10. Let j(o) = -4*l(o) + 5*r(o). Give j(a).
-8
Let q(c) = -7192*c + 7200*c + 43 - 10. What is q(-5)?
-7
Let d(q) = -485*q + 6 + 14 - 473*q + q**2 + 944*q. Determine d(2).
-4
Let q(j) = j**2 + 135*j - 2080. Let h be q(14). Let n(s) = s**3 - 7*s**2 + 11*s - 16. What is n(h)?
14
Let j be 93/(-62)*((-16)/6)/1. Let c(g) = -g - 5. Let w(h) = h. Let n(x) = -c(x) - 5*w(x). Let i(q) = 3*q - 5. Let k(z) = j*n(z) + 5*i(z). Give k(-4).
-1
Let d(b) = b**2 - 3*b + 6. Let g(o) = -7*o**2 + 30*o - 58. Let n(w) = 10*d(w) + g(w). Determine n(-3).
29
Let b = -3763 + 3742. Let g(m) = m**2 + 25*m + 83. Calculate g(b).
-1
Let d(k) = k**3 - 7*k**2 + 6*k + 8. Suppose -9*j = -14*j + 15. Suppose -u - 3*o = -34, 3*u - j*o - 90 = -0*o. Let i = u - 25. Calculate d(i).
8
Suppose -14*i + 8*i - 36 = 0. Let f(c) = 6*c - 13. Let g(l) = 12*l - 28. Let k(p) = i*g(p) + 13*f(p). Calculate k(-5).
-31
Let p be (((-225)/5)/(-5))/(7/(77/3)). Let b be 6*(2*3 - 2). Let q(h) = 9 - 1 - h**2 - b*h + p*h. Determine q(8).
16
Let d(u) = 2*u - 27. Let h be (180/((-225)/15))/((-4)/(16/3)). What is d(h)?
5
Let i be (-5 - (-44)/8)*-12. Let a(f) = f**3 - 3*f - 2*f**2 + 25 - 10 - 12 + 7*f**2. What is a(i)?
-15
Let h = 86 - 76. Let g(u) = -h*u + 11*u - 9*u - 2 - 2. Give g(-3).
20
Let m(i) = -i**2 + 50*i - 204. Suppose q - 3*k - 69 = -2, -5*q = -2*k - 244. Calculate m(q).
-20
Suppose 0 = -14*i + 257 + 499. Let z be 14/5*(-135)/i*1. Let b(n) = n**3 + 6*n**2 - 9*n - 2. Give b(z).
12
Let a(h) = -3*h + 54. Let i be a(19). Let l be 0 - (8/(-16))/(i/(-24)). Let c(z) = -z + 8. What is c(l)?
4
Let a(i) = -47*i - 412. Let j be a(-9). Suppose p = 2*u + j, 33*p - 34*p - 13 = u. Let x(t) = -t**3 - 7*t**2 + 9*t + 17. Calculate x(u).
9
Let a(k) = k**3 + 7*k**2 + k. Let l be 0 + 20/(-5) + 2. Let i be l/((72/42)/6). Calculate a(i).
-7
Let y(b) = b**3 + b**2 - 29. Suppose -4*s + 12 = 4*v, 5*v - 27 + 12 = 0. Determine y(s).
-29
Let t(c) = 1 + 2*c - c**2 - 6*c**2 - 6*c**2 - 4. Let q(y) = -7*y**2 + y - 1. Let w(s) = 2*q(s) - t(s). What is w(3)?
-8
Let l(m) be the first derivative of -3*m**4/4 + m**3 + m**2 - m + 238. Give l(-2).
31
Let m(z) = -8*z - 9. Let g(v) = -7*v - 8. Let l(u) = 7*g(u) - 6*m(u). Let y(b) = 2*b - 2. Let f = 11 + -12. Let h be y(f). Give l(h).
2
Let h(a) = a**2 + a + 12. Let b(y) = 2*y + 16*y + 4*y - 7*y + 14*y. Let s be b(0). Calculate h(s).
12
Let d(m) be the third derivative of -m**4/6 + m**3/2 + 8699*m**2. Calculate d(7).
-25
Let r(d) be the third derivative of 0 - 1/6*d**3 + 0*d + d**2 + 1/12*d**4. Let y be (7/21)/(12/(-54) - (-42)/252). Calculate r(y).
-13
Suppose 24 = -5*i + 4*k + 17, 0 = -4*i - 3*k + 13. Let y(t) = 8*t**3 + t**2 - 2*t + 2. Calculate y(i).
9
Let h(g) = -5*g**2 - g**3 - 8*g**2 - 18 + 0*g**2 - 7*g**2 + 20*g. Suppose 21 = -133*r + 132*r. Determine h(r).
3
Let l(j) be the first derivative of -3*j**2 + 7/3*j**3 + 135 - 1/4*j**4 - 5*j. Let x(q) = 2*q**2 + 3*q + 3. Let g be x(-2). Determine l(g).
15
Let f(p) = 5*p**2 - 65*p - 213. Let o(k) = k**2 - 13*k - 44. Let m(a) = -4*f(a) + 19*o(a). Give m(12).
28
Suppose 11*x = 9*x - 4, 17 = u - 3*x. Let n(m) = 2*m - 44. Let v(d) = -d + 23. Let a(z) = u*v(z) + 6*n(z). Determine a(0).
-11
Let t = 13/856 - -415/856. Let p(n) be the first derivative of 7 - 5*n + t*n**2. What is p(4)?
-1
Let f be -5 + 0 + 5 + (-3 - -5 - 8). Let w(m) = 3*m + 1. Calculate w(f).
-17
Let d be (-72)/(-27) - (-3)/9. Suppose -d*v - v = -a - 12, 2*a + 2*v = 16. Suppose 5*p - a*r = -5, -4 = 2*p + 4*r - 2. Let l(w) = 8*w**2 + 1. Determine l(p).
9
Let q(x) = -x**2 - 20*x - 28. Let s be (21/(-70))/(96/(-40)) - 194/16. Determine q(s).
68
Let l(i) = i - 10. Let f(h) = -h - 1. Let n(u) = -5*u - 18. Let d(c) = 6*f(c) - n(c). Let z(g) = 3*d(g) + 4*l(g). Give z(3).
-1
Let v be (23 - 27) + (-30)/(-6). Let w(j) = -j**2 + j. Calculate w(v).
0
Let o(w) = w**3 - 3*w**2 - 4*w + 13. Let l be o(2). Let a(u) = u**2 + 5 + 0 + l - 4 + 0*u**2. Give a(0).
2
Suppose 2*h - 2*j - 10 = 0, 5*h - 61 = -40*j + 39*j. Let r(d) = -5*d + 19. Determine r(h).
-36
Let w(p) = -8*p**3 - 22*p**2 - 7*p + 2. Let u(o) = 14*o**3 + 43*o**2 + 15*o. Let i(q) = -3*u(q) - 5*w(q). What is i(-9)?
-1
Let l(d) = d**2 - 11*d + 12. Let f(x) = -x**3 - 4*x**2 - 8*x + 14. Let s be f(4). Let r = s - -208. Let u = -52 + r. Determine l(u).
2
Let r(u) = -7*u**2 - 359*u**3 + 8 + 45*u + 360*u**3 - 13*u. Let j(m) = -2*m**2 + 7*m + 2. Let b(o) = -9*j(o) + 2*r(o). What is b(-3)?
-23
Let p(o) = -17*o**3 + 11*o**2 - 10*o - 13. Let b(y) = -5*y**3 + 4*y**2 - 3*y - 4. Let n(m) = -7*b(m) + 2*p(m). Suppose 69*z = 53*z + 64. Determine n(z).
-26
Let s(a) = -50*a - 100. Let k be s(-2). Let i(g) = g**3 - g**2 + g - 149. Give i(k).
-149
Let k(o) = 3*o**3 - 3*o**2 + 8*o - 2. Let y(m) = 55*m + 1103. Let a be y(-20). Give k(a).
76
Let g(r) be the third derivative of r**5/60 - 5*r**4/12 + 4*r**3/3 - 3*r**2 - 2. Let n be (-4)/(-12)*3 + 5. Give g(n).
-16
Let x(m) = -m**3 + 2*m**2 - m + 4. Let h(g) = -172*g + 1034. Let q be h(6). What is x(q)?
2
Let h = 118 - 115. Let q(c) = -h*c + 18 + 20 - 35. Let s = -8 - -12. Calculate q(s).
-9
Let h(i) be the second derivative of 28*i + 0 + 0*i**3 + 0*i**2 - 1/12*i**4. Calculate h(1).
-1
Let v(l) be the first derivative of -1/3*l**3 + l + l**2 - 1/2*l**4 - 2. Let z(u) = 6*u**2 + 100*u - 36. Let p be z(-17). Determine v(p).
9
Let o(d) be the first derivative of -d + 48 + 35/2*d**2. What is o(-1)?
-36
Let w(j) = -j**2 + 9*j - 1. Let g(o) = 0 - 10*o + 0 + 2*o**2. Suppose -24*a = 75 - 3. Let q(x) = a*w(x) - 2*g(x). Determine q(-7).
3
Let h(j) = -2 + 3 - 2. Let u(m) = 7*m - 30. Let r(f) = -8*f + 33. Let y(b) = -6*r(b) - 7*u(b). Let d(c) = -2*h(c) - y(c). Determine d(0).
-10
Suppose -y - 2*j = -2 - 5, -2*y - 5*j + 15 = 0. Let u(v) = 2*v**3 - 9*v**2 - 6*v - 12. Calculate u(y).
-17
Suppose 990 = -93*z + 71*z. Let p be (-5)/(z/18 + 5). Let y(m) = -3*m**3 - 4*m**2 - 4*m - 2. Determine y(p).
14
Let q = 2586 + -2585. Let m(z) = z + 6. Let r(y) = -2 + 0*y + 3 + y. Let v(n) = -m(n) + 6*r(n). Calculate v(q).
5
Let f(x) = -2226*x + 4452*x + x**2 - 2231*x - 15. Let v be f(7). Let l(t) be the first derivative of -t**4 - t**3/3 + t + 1. Calculate l(v).
4
Let d(y) = -2*y**3 - y**2 + 4*y - 3. Let h be d(1). Let l(k) = 517*k + 2*k**2 - 2 + 2*k**2 - 8*k**2 + k**2 - 521*k. What is l(h)?
-6
Let f(g) = g**2 - 14*g - 39. Suppose 8*m - 6 = 11*m, 4*m = -3*y + 43. Calculate f(y).
12
Suppose 13*o = 76 - 11. Let t(d) = 106*d - 5 + 0*d**3 - 2*d**2 + o*d**3 - 104*d + 4. Let h = 2 + -1. Calculate t(h).
4
Let h(l) be the second derivative of l**4/6 + 5*l**3/6 + 3*l**2/2 + 5076*l. Suppose 0 = 3*j + 2*j. Suppose 3*i - 6*i - 9 = j. Determine h(i).
6
Let n(x) = 3*x - 22. Let b(d) = -2*d**2 + 63*d - 234. Let i be b(27). Calculate n(i).
5
Let u be (-9 + (-212)/(-20))/(4/290). Let a(w) = -51*w - 65*w - w**2 + u*w + 6. Calculate a(0).
6
Let i(l) = 20*l**3 - 9*l - 8. Let s be (-6)/24 - (-215)/(-20). Let p(u) = -11*u**3 + 5*u + 4. Let k(c) = s*p(c) - 6*i(c). Calculate k(0).
4
Let y(w) be the third derivative of 0*w + 0 + 0*w**4 - 1/60*w**5 - 3/2*w**3 - 27*w**2. Let z be (0 - -2)*(-4)/(-8)*0. Calculate y(z).
-9
Let g(r) be the third derivative of r**6/120 - r**5/12 - r**4/8 - r**3 + 40*r**2 - 8. Give g(5).
-21
Let b(c) be the first derivative of -c**4/4 + 4*c**3/3